 of 12624?
6
What is the tens digit of 367?
6
What is the tens digit of 28807?
0
What is the tens digit of 255?
5
What is the hundreds digit of 1074?
0
What is the thousands digit of 3151?
3
What is the hundreds digit of 2266?
2
What is the tens digit of 6550?
5
What is the tens digit of 1454?
5
What is the units digit of 54051?
1
What is the units digit of 34927?
7
What is the hundreds digit of 1620?
6
What is the tens digit of 14853?
5
What is the thousands digit of 1129?
1
What is the hundreds digit of 1504?
5
What is the tens digit of 1081?
8
What is the thousands digit of 7179?
7
What is the thousands digit of 9434?
9
What is the thousands digit of 2314?
2
What is the hundreds digit of 746?
7
What is the units digit of 2042?
2
What is the thousands digit of 30827?
0
What is the hundred thousands digit of 102078?
1
What is the ten thousands digit of 14837?
1
What is the units digit of 2634?
4
What is the units digit of 2864?
4
What is the tens digit of 1617?
1
What is the units digit of 603?
3
What is the hundreds digit of 17580?
5
What is the hundreds digit of 809?
8
What is the hundreds digit of 6201?
2
What is the units digit of 1002?
2
What is the tens digit of 928?
2
What is the units digit of 7845?
5
What is the units digit of 49273?
3
What is the thousands digit of 9116?
9
What is the units digit of 2101?
1
What is the thousands digit of 17355?
7
What is the units digit of 8554?
4
What is the units digit of 135?
5
What is the tens digit of 814?
1
What is the units digit of 129384?
4
What is the hundreds digit of 3125?
1
What is the tens digit of 2506?
0
What is the tens digit of 9546?
4
What is the tens digit of 8915?
1
What is the thousands digit of 90041?
0
What is the thousands digit of 5334?
5
What is the ten thousands digit of 99047?
9
What is the hundreds digit of 688?
6
What is the ten thousands digit of 11195?
1
What is the hundreds digit of 1406?
4
What is the tens digit of 10172?
7
What is the units digit of 14671?
1
What is the tens digit of 309?
0
What is the thousands digit of 11814?
1
What is the tens digit of 5223?
2
What is the units digit of 7030?
0
What is the units digit of 4204?
4
What is the thousands digit of 29708?
9
What is the units digit of 983?
3
What is the hundreds digit of 811?
8
What is the hundreds digit of 1596?
5
What is the hundred thousands digit of 118904?
1
What is the hundreds digit of 1574?
5
What is the thousands digit of 3628?
3
What is the tens digit of 77755?
5
What is the thousands digit of 59592?
9
What is the tens digit of 1473?
7
What is the thousands digit of 85919?
5
What is the hundreds digit of 12434?
4
What is the units digit of 57939?
9
What is the units digit of 39659?
9
What is the hundreds digit of 3587?
5
What is the thousands digit of 1965?
1
What is the hundreds digit of 1100?
1
What is the tens digit of 1090?
9
What is the units digit of 38563?
3
What is the hundreds digit of 972?
9
What is the tens digit of 3473?
7
What is the units digit of 26?
6
What is the ten thousands digit of 16381?
1
What is the hundreds digit of 867?
8
What is the hundreds digit of 1451?
4
What is the units digit of 628?
8
What is the units digit of 85527?
7
What is the units digit of 988?
8
What is the thousands digit of 14065?
4
What is the tens digit of 70844?
4
What is the hundreds digit of 1055?
0
What is the units digit of 7965?
5
What is the thousands digit of 91209?
1
What is the units digit of 426?
6
What is the units digit of 121?
1
What is the hundreds digit of 749?
7
What is the tens digit of 536?
3
What is the hundreds digit of 1168?
1
What is the thousands digit of 17212?
7
What is the hundreds digit of 4162?
1
What is the tens digit of 86670?
7
What is the hundreds digit of 5360?
3
What is the units digit of 17709?
9
What is the tens digit of 7166?
6
What is the tens digit of 78584?
8
What is the hundreds digit of 2324?
3
What is the units digit of 120488?
8
What is the tens digit of 1689?
8
What is the units digit of 48451?
1
What is the thousands digit of 9432?
9
What is the units digit of 151183?
3
What is the tens digit of 41186?
8
What is the units digit of 8470?
0
What is the tens digit of 220?
2
What is the tens digit of 44052?
5
What is the thousands digit of 117668?
7
What is the thousands digit of 4657?
4
What is the thousands digit of 44171?
4
What is the hundreds digit of 607?
6
What is the tens digit of 37270?
7
What is the units digit of 6413?
3
What is the hundreds digit of 1572?
5
What is the tens digit of 2929?
2
What is the units digit of 828?
8
What is the tens digit of 12645?
4
What is the thousands digit of 2659?
2
What is the tens digit of 11179?
7
What is the units digit of 2810?
0
What is the thousands digit of 1000?
1
What is the tens digit of 517?
1
What is the units digit of 4465?
5
What is the hundreds digit of 6918?
9
What is the thousands digit of 15752?
5
What is the units digit of 5054?
4
What is the tens digit of 167245?
4
What is the units digit of 3441?
1
What is the hundred thousands digit of 111130?
1
What is the tens digit of 7488?
8
What is the units digit of 7213?
3
What is the tens digit of 550?
5
What is the tens digit of 92948?
4
What is the tens digit of 19298?
9
What is the tens digit of 5267?
6
What is the tens digit of 157?
5
What is the units digit of 331?
1
What is the thousands digit of 132974?
2
What is the hundreds digit of 7551?
5
What is the hundreds digit of 3478?
4
What is the units digit of 41?
1
What is the hundreds digit of 763?
7
What is the tens digit of 79570?
7
What is the tens digit of 2464?
6
What is the thousands digit of 32077?
2
What is the ten thousands digit of 101163?
0
What is the hundreds digit of 748?
7
What is the units digit of 19075?
5
What is the tens digit of 44178?
7
What is the units digit of 335?
5
What is the hundreds digit of 86377?
3
What is the hundreds digit of 15719?
7
What is the tens digit of 49467?
6
What is the tens digit of 1714?
1
What is the tens digit of 28127?
2
What is the hundreds digit of 40827?
8
What is the tens digit of 216?
1
What is the thousands digit of 26764?
6
What is the ten thousands digit of 14275?
1
What is the tens digit of 6625?
2
What is the tens digit of 34488?
8
What is the hundreds digit of 4253?
2
What is the tens digit of 7038?
3
What is the ten thousands digit of 129958?
2
What is the tens digit of 1055?
5
What is the hundreds digit of 18829?
8
What is the units digit of 1407?
7
What is the tens digit of 379?
7
What is the hundred thousands digit of 104878?
1
What is the hundreds digit of 261?
2
What is the hundreds digit of 18532?
5
What is the hundreds digit of 60329?
3
What is the units digit of 1178?
8
What is the units digit of 72837?
7
What is the tens digit of 88636?
3
What is the ten thousands digit of 16826?
1
What is the tens digit of 35352?
5
What is the thousands digit of 8463?
8
What is the tens digit of 4828?
2
What is the units digit of 4025?
5
What is the hundreds digit of 9133?
1
What is the tens digit of 2598?
9
What is the hundreds digit of 1348?
3
What is the thousands digit of 1733?
1
What is the thousands digit of 29739?
9
What is the thousands digit of 125006?
5
What is the tens digit of 4812?
1
What is the units digit of 1684?
4
What is the units digit of 2359?
9
What is the tens digit of 3738?
3
What is the units digit of 30272?
2
What is the thousands digit of 9141?
9
What is the tens digit of 45659?
5
What is the thousands digit of 3988?
3
What is the tens digit of 1018?
1
What is the tens digit of 14164?
6
What is the thousands digit of 18884?
8
What is the tens digit of 23236?
3
What is the hundreds digit of 37756?
7
What is the hundreds digit of 3437?
4
What is the units digit of 804?
4
What is the tens digit of 9267?
6
What is the hundreds digit of 4069?
0
What is the tens digit of 13384?
8
What is the tens digit of 31213?
1
What is the tens digit of 1718?
1
What is the thousands digit of 6553?
6
What is the thousands digit of 1811?
1
What is the units digit of 6776?
6
What is the units digit of 22146?
6
What is the ten thousands digit of 16209?
1
What is the tens digit of 28099?
9
What is the tens digit of 802?
0
What is the hundreds digit of 3855?
8
What is the tens digit of 453?
5
What is the thousands digit of 35818?
5
What